or of 21 and u?
3
Let c(g) = -2*g**3 - 11*g**2 - 13*g + 12. Let f be c(-6). What is the highest common factor of 42 and f?
42
Suppose 0 = -t - 4*t + 55. Let a(c) = 3*c - 9. Let w be a(t). Suppose -2*x - w = -3*x. Calculate the greatest common divisor of 8 and x.
8
Let k(v) = 2*v**2 + 3*v - 7. Let q be k(-5). Let x = 52 - q. What is the highest common divisor of 60 and x?
12
Let g = -4 + 7. Suppose -1 = 4*c - 2*a - g, 12 = -c + 3*a. Let z = 7 + -4. What is the highest common divisor of z and c?
3
Suppose 2*i = 13 + 5. Let c be 23/4 + (-3)/(-12). Calculate the greatest common divisor of i and c.
3
Let w = -28 + 54. What is the greatest common factor of w and 26?
26
Suppose 17 - 5 = 4*d. Suppose d*b = 2*g + 18, b - 9 = 3*g + 4. Calculate the highest common factor of 12 and b.
4
Suppose 4*h = h - 108. Let o be ((h/2)/(-3))/(-2). Let y(c) = -c**3 - 4*c**2 - 3*c + 3. Let f be y(o). Calculate the greatest common divisor of 9 and f.
3
Let c be 6/((-1)/(-1)) + 1. Let i = 270 + -221. What is the greatest common divisor of c and i?
7
Suppose 8*y = 9*y - 275. Suppose 0 = -g - 4*g + y. Calculate the greatest common factor of 11 and g.
11
Suppose -4*b = -3*b. Suppose b = -m + 5 - 3. Suppose 3*k + k + 7 = -5*u, m*u = -3*k - 7. What is the highest common factor of u and 7?
1
Let q be (2/3)/((-8)/(-24)). Suppose -2*w + 20 = 3*w. Suppose 3*p + 0*p - w*o = 84, 4*o + 56 = q*p. Calculate the greatest common divisor of p and 70.
14
Let h = 21 - 21. Let w(c) be the third derivative of c**6/120 - c**5/60 + 21*c**3/2 - c**2. Let a be w(h). What is the highest common divisor of a and 7?
7
Let t(z) = -15 + z + 15. Let d be t(-3). Let u be -2 - (-2 + d) - -7. What is the greatest common factor of u and 110?
10
Let g = -55 + 64. Calculate the greatest common divisor of 18 and g.
9
Suppose -r - 1 = 0, -135 = -0*y - 5*y + 5*r. Calculate the highest common factor of 65 and y.
13
Let h be ((-12)/1)/((-12)/(-8)). Let o be (6/h)/(3/(-120)). Let m(u) = 2*u**2 - 3*u - 2. Let d be m(7). Calculate the greatest common factor of d and o.
15
Let s be -1 + 4 - 18/(-2). Let c(p) = -p + 15. Let f be c(s). Let k be -1 + 0 + 25/1. What is the greatest common factor of f and k?
3
Let k(o) = -o**3 + 4*o**2 + 2*o - 3. Let h be (-9)/(-45) + (-14)/(-5). Let i be k(h). What is the greatest common factor of 12 and i?
12
Let i be 2/(-6) - (-151)/3. Suppose -4*y = 8, 2*x + 3*y = 7*x - 116. Let k = -12 + x. Calculate the highest common divisor of k and i.
10
Let s(z) = -10*z + 14. Let b = -14 - -7. Let r be s(b). What is the highest common factor of 12 and r?
12
Let y = -17 - -15. Let g be 5 - ((-15)/(-3) + y). Let r = 1 + 1. What is the greatest common divisor of r and g?
2
Let i(f) = -f**2 + 8*f + 4. Let d be i(6). What is the highest common divisor of d and 48?
16
Let d be (32/(-20))/(4/(-10)). Let x = 11 - 9. Let r = d + x. Calculate the highest common factor of r and 12.
6
Suppose 5*j - 39 = 2*j. Calculate the greatest common divisor of j and 26.
13
Suppose -15*t = -5*t - 40. What is the greatest common divisor of t and 44?
4
Let w = 34 - 22. Suppose -a - w = -5*a. Suppose -17 = v - 4*m - 3, -3*m = -2*v - 8. Calculate the highest common factor of a and v.
1
Let f(a) = -9*a**3 - a**2 - a. Let s be f(-1). Calculate the greatest common divisor of s and 81.
9
Let i be (8 - 1) + (-3)/(-1). Let d(t) = -t**2 + 13*t - 15. Let m be d(i). What is the highest common divisor of 15 and m?
15
Let s = -38 + 55. What is the greatest common factor of 17 and s?
17
Suppose -h = -4*h + 27. Let p(i) = i**3 - 7*i**2 - 13*i. Let t be p(h). Let s = t - 23. What is the greatest common divisor of s and 55?
11
Let n = 1 + -1. Suppose 0 = 5*t - n*t - 60. What is the greatest common factor of t and 60?
12
Let q(c) = -c**3 - 2*c**2 + 2*c + 17. Let k be q(0). What is the greatest common divisor of k and 34?
17
Let d be (10/8)/(2/8). Let m(a) = -56*a**3 + 2*a + 1. Let o be m(-1). Calculate the highest common factor of o and d.
5
Let a(o) = -o**3 + 9*o**2 + 2*o - 2. Let s be a(9). What is the greatest common divisor of 32 and s?
16
Let o be -3 - 6*(-5 - -4). Calculate the highest common factor of o and 27.
3
Let z(i) = -i + 15. Let c be z(11). Let t be 224/36 + (-2)/9. Calculate the highest common divisor of c and t.
2
Let q be 24/10 - 2/5. Let o(i) = 4 + 0*i - 2*i + 3*i - 2*i. Let s be o(q). Calculate the highest common divisor of s and 14.
2
Suppose -3*t + 120 = -48. Suppose -5*r + 20 = 5*i, -1 = 3*r + 5*i - 5. Let y be (-6)/r + 140/16. What is the greatest common factor of y and t?
8
Let f(s) = 45*s**2 - 2*s + 1. Let m be f(1). Let l(y) = -6*y - 38. Let c be l(-7). What is the highest common factor of c and m?
4
Let f = 1 - -2. Suppose -5*c - 5*n + 85 = 0, 2*c - 4*c - 3*n + 37 = 0. Let o = -8 + c. Calculate the greatest common factor of f and o.
3
Suppose -4*f - 4*z = 20, 4*f + 5*z - 3*z = -10. Suppose f = -3*v - v + 76. What is the highest common divisor of 19 and v?
19
Suppose -5*v + 4 = -11. Suppose 0*i + i = -4*c + 40, -i - v*c + 42 = 0. Let q = i - 31. Calculate the highest common factor of 51 and q.
17
Let z = 3 - 1. Suppose 220 = z*c + 2*c. Suppose -9*b + 55 = 2*b. Calculate the highest common divisor of c and b.
5
Let n be 125/((-25)/(-5)) - 3. What is the highest common divisor of 11 and n?
11
Suppose -2*c + 5 = -3. What is the highest common divisor of 2 and c?
2
Suppose i + 0*i = 5. Suppose -6*u + u = -i. Suppose 0 = -2*a - 2*c - 2, 0 = 3*a - 5*c - 7 - 6. What is the greatest common factor of u and a?
1
Let b(d) = 2*d**2 + 5*d - 7. Let g be (0 - (0 - -1))*5. Let o be b(g). Let c(a) = -a. Let l be c(-3). What is the greatest common factor of l and o?
3
Let m(u) = -u**3 - 16*u**2 - 7*u + 23. Let h be m(-16). Let g = h - 79. Calculate the highest common divisor of 7 and g.
7
Suppose 0 = -c - 3*n + 15, 3*c - 22 = c - 2*n. Suppose 4*o - 15 = c. Let j(i) = -4*i + 115. Let d be j(25). What is the highest common divisor of o and d?
3
Let h(b) = b**2 - 6*b + 15. Let a be h(6). What is the highest common factor of a and 6?
3
Let r = -41 + 89. What is the highest common factor of r and 16?
16
Let y(k) = 5*k**2 - 5*k + 6. Let o be y(6). Suppose 2*p - 88 = w + w, -w + o = 4*p. Calculate the greatest common divisor of 5 and p.
5
Let o(w) = 13*w**3 + w**2 - w. Let c be o(1). Let p = -25 + c. Let a be ((-4)/p)/((-2)/(-6)). Calculate the greatest common divisor of a and 1.
1
Suppose -5*d + 0*c + 15 = -3*c, 5*d - c - 15 = 0. Let l = 23 + -17. What is the highest common divisor of l and d?
3
Suppose -4*g + 129 + 51 = 0. Suppose 4*q = -q + g. What is the greatest common divisor of q and 81?
9
Let i = -186 + 279. What is the greatest common factor of 31 and i?
31
Let g(v) = -3*v - 9. Let s be g(-4). Let l = s - -2. What is the greatest common factor of 25 and l?
5
Suppose 4*r = s - 47 - 61, 4*r + 460 = 5*s. Let v be 16/(-10)*(-5)/1. Calculate the greatest common divisor of s and v.
8
Let x = 40 - 33. What is the greatest common factor of 21 and x?
7
Let f(b) = -b**3 + 8*b**2 + 23*b + 1. Let u be f(10). Calculate the greatest common divisor of u and 155.
31
Let x be (-2)/4 + 9/(-6). Let g = -1 - x. Let r be 1 - (-2 + (g - 49)). What is the greatest common factor of r and 17?
17
Let t(n) = n**3 - 4*n**2 + 2*n - 7. Let r be t(5). Let k be (-8)/r*-7*1. Suppose -2*h + 6 + k = 0. Calculate the highest common divisor of 4 and h.
4
Let a be (-3)/(3/(-6)*2). Suppose 2*v + a*v + s = 41, 5*s - 25 = -5*v. What is the highest common factor of v and 99?
9
Suppose -4*b = -162 - 246. What is the highest common factor of b and 6?
6
Let f be 5/2*96/(2 - -2). Calculate the highest common factor of f and 12.
12
Let o(m) = 5*m + 8*m + 1 + 6*m. Let n be o(1). Suppose 3*p - 2 = 2*y, -5 - 30 = -3*y - 5*p. What is the greatest common divisor of y and n?
5
Let l(q) = 2*q + 15. Let x be l(3). What is the highest common factor of x and 168?
21
Let k be (-16)/(-1) - (18 + -14). Calculate the greatest common divisor of 252 and k.
12
Suppose -3*l + 1 = -5. Suppose -3 - 189 = -4*r + f, -l*r + 4*f = -82. What is the greatest common factor of r and 7?
7
Let c(r) = r**2 - 5*r - 4. Let y be c(6). Let l(h) = -h**2 + 5*h + 3. Let o be l(5). What is the highest common divisor of o and y?
1
Let i = 32 - 10. Suppose 2*w = 2*x - i, 3*x - 4*w = 25 + 13. Let h be ((-100)/